-178)/(-3) + (-2)/(-3). Calculate the greatest common divisor of a and k.
15
Let x(d) = -37*d - 108. Let w be x(-6). Calculate the highest common factor of w and 171.
57
Suppose 9*d = 12*d - 375. Let q be (0 + -10)*((-36)/8 - -2). What is the highest common divisor of q and d?
25
Let j(l) = 238*l - 1849. Let w be j(8). Let g be 50/8 - 2/8. Let t(c) = -c**3 + 5*c**2 + 9*c - 7. Let z be t(g). What is the greatest common divisor of z and w?
11
Suppose 4*q + 8 = 0, -66*b - 4*q - 2 = -65*b. Calculate the highest common factor of 50 and b.
2
Suppose 23 = -4*r + 75. Let y(t) = -2*t + 39. Let x be y(-13). What is the greatest common factor of x and r?
13
Let p be ((-1)/(-2)*-1)/((-2)/96). Calculate the highest common divisor of p and 3.
3
Suppose -139 + 154 = 5*x. Let h be 37 + (-3)/(x/5). What is the greatest common divisor of h and 4?
4
Suppose 2*z - 135 = o + 129, -3*o + 5*z - 789 = 0. Let f = 366 + o. What is the highest common factor of 12 and f?
12
Suppose 0 = -2*y - 4*h - 38, -2*y - 4*h - 3 = -7*h. Let b = 10 + y. What is the greatest common factor of b and 8?
1
Let i = 1363 - 787. What is the highest common divisor of 36 and i?
36
Let w = -1008 + 1224. Suppose -2*j + 32 = -22. Calculate the highest common factor of w and j.
27
Let l(b) = -b**3 + 6*b**2 + 4*b - 3. Let q be l(6). Let m = -1 - -3. Suppose -m*g - 3 = -17. What is the greatest common divisor of q and g?
7
Let v = -1064 - -1075. Calculate the greatest common divisor of v and 275.
11
Let m(r) = -5*r + 2. Suppose 0 = -l + 7*l - 90. Suppose -l = -12*t + 17*t. Let i be m(t). What is the highest common factor of 153 and i?
17
Let c = -47 - -19. Let k = c + 29. What is the greatest common divisor of 11 and k?
1
Let g(a) = -a**3 - 2*a + 1. Let s(w) = -w + 3. Let x be s(6). Let u be g(x). Let m = u + -19. What is the greatest common factor of 15 and m?
15
Let r = -779 - -1133. Let g = r + -240. Suppose -g = -2*l - 4*z, 3*z + 31 = -l + 89. What is the greatest common factor of l and 11?
11
Let l(c) = 2*c**2 + c + 6. Let h be l(-3). Calculate the greatest common divisor of 231 and h.
21
Let t be 2*-1 + (-96)/(-12). Let w be (-3)/t + (-86)/(-4). Calculate the highest common factor of 84 and w.
21
Let z = 106 - 80. Suppose -4*r = -64 + 12. What is the greatest common factor of r and z?
13
Let i(b) = 29*b**2 - 10*b + 5. Let k be i(5). Suppose -5*u = 40 - k. Calculate the greatest common factor of u and 16.
16
Suppose 0 = 23*v - 27*v + 532. What is the greatest common divisor of v and 19?
19
Let j be 2/(-8) + (-195)/(-12). Let t = -11 + j. Calculate the greatest common divisor of 35 and t.
5
Let m be (15 - 1) + (-11 - -12). Let g = 142 - 127. What is the greatest common factor of m and g?
15
Suppose -5*r - 20 = -5*z, 0*z - 4*r + 12 = 3*z. Suppose -2*h = -5*i - 4, i - 5 = -4*h + 3. Let c = i - -6. Calculate the greatest common divisor of c and z.
2
Let w(p) = 5*p - 10. Suppose 3*q + b - 19 = -7, -b + 18 = 5*q. Let r be ((-11)/q)/(3/(-9)). Let n be w(r). Calculate the highest common factor of 30 and n.
15
Suppose -5*g = -3*y - 122, 2*g - 4*y = 10 + 36. Suppose 5*w + 0*w - 125 = 0. Calculate the greatest common factor of w and g.
25
Suppose -2*a + 12*a - 4620 = 0. Calculate the highest common factor of 22 and a.
22
Suppose 0 = q - 11 - 6. Let p = -13 + q. What is the highest common divisor of p and 20?
4
Let j(x) = 12*x - 15. Let o be (1/2)/(-4 + (-162)/(-40)). Let i be j(o). Let f be (15 - 1)*6/4. Calculate the greatest common divisor of i and f.
21
Suppose 3894*u = 3895*u - 176. Calculate the greatest common factor of 418 and u.
22
Suppose 25*m + 1314 = 5439. Calculate the highest common factor of m and 75.
15
Let l(r) = -r - 1. Let n be l(-1). Let s(w) = -10*w - 12. Let m be s(-12). Suppose n = -2*t + 5*t - m. What is the greatest common divisor of t and 4?
4
Let h = 256 - 168. What is the greatest common factor of h and 22?
22
Suppose u + 1021 = 1091. What is the highest common factor of 224 and u?
14
Suppose 2*v + 4 = 28. Suppose -8*l + v*l = 12. Suppose l*x = -0*x - 3*a + 135, 2*a - 136 = -3*x. What is the greatest common factor of 69 and x?
23
Let t(z) = -z**3 + 8*z**2 - 12*z + 12. Let j be t(6). Let m be (-945)/5*(-8)/j. What is the highest common factor of m and 18?
18
Suppose 0 = 5*y - 16 + 1. Suppose y*d + 9 = -3*z, -3*d + 6*d + 9 = 4*z. Let q = z + 6. What is the highest common divisor of 48 and q?
6
Let k = 529 + -364. Calculate the greatest common divisor of k and 15.
15
Let q = 218 - 191. Calculate the greatest common divisor of q and 45.
9
Let x be (-1 + 4 - -19)/((-52)/(-26)). Let t(i) = 2*i**2 - 5*i - 3. Let k be t(5). Calculate the highest common factor of x and k.
11
Let t(m) = -m**3 + 15*m**2 - 21*m + 7. Let l be t(10). Calculate the highest common factor of 33 and l.
33
Suppose -1709 = -63*z - 386. Let g be (9/(-2))/(2/(-84)). Calculate the greatest common factor of g and z.
21
Let r = 103 + -22. Suppose 0 = -2*i - 5*w + 3*w + 14, -4*w = 8. Calculate the highest common factor of r and i.
9
Let z = 336 - 88. What is the highest common factor of z and 32?
8
Suppose -3*l - 3*s = 69, l - 3*s = 3*l + 51. Let f = l - -26. Let y(a) = a**2 + 17*a - 76. Let k be y(-21). What is the greatest common factor of k and f?
8
Let d be 6445/40 + (-6)/48. Calculate the highest common divisor of d and 14.
7
Suppose -21*t - 1640 = -62*t. What is the greatest common factor of t and 1280?
40
Suppose 0 = -q - 4*t + 7 + 7, -5*q = -t - 133. Let p be ((-2)/2)/((-12)/156). What is the highest common divisor of p and q?
13
Let t be (28 - -11 - (6 + -2)) + 4. What is the highest common factor of t and 299?
13
Let i = -281 - -285. Suppose -2*j = -2*u + 56, 0*u - 4*u = -j - 112. Calculate the greatest common factor of u and i.
4
Suppose -12*r = -9*r - 24. Calculate the highest common divisor of r and 1.
1
Let r be 84 + 0 + (-13 - -9). What is the highest common factor of r and 10?
10
Let x(s) = -87*s - 487. Let i be x(-6). Calculate the greatest common divisor of i and 77.
7
Let v be (1 - 2)*(47 - 15). Let n = v + 53. What is the greatest common factor of n and 21?
21
Let q be 88/(4 + (-4)/(8/6)). Suppose -5*p - 2 + 42 = 0. What is the highest common factor of p and q?
8
Suppose 2*x - 5*x - 4*a = -44, 0 = -5*x + 2*a + 56. Let h(z) = -8 + 5 + 4*z + x*z. Let i be h(3). What is the highest common divisor of 15 and i?
15
Suppose -4*j + 17*k = 21*k - 7084, 3*k = 2*j - 3562. What is the highest common divisor of j and 75?
25
Let v be (6/(-12))/(2/(-20)). Suppose -2*t + v*q + 76 = -54, -t + 72 = q. Calculate the highest common factor of 14 and t.
14
Suppose -154*h + 182*h = 6552. Calculate the highest common divisor of h and 26.
26
Let m = 5190 + -5148. Let x(u) = 2*u**2 + 2*u + 2. Let h be x(-3). Calculate the greatest common divisor of h and m.
14
Let q(b) = 4*b**2 + 3*b + 7. Suppose 6*f = 46 + 2. Let l be q(f). What is the highest common factor of l and 41?
41
Let y be 2 - 6*6/3. Let s be (-2)/5 - 154/y. Suppose -48 = -3*k - d, 2*k = 4*k - 2*d - 24. Calculate the greatest common factor of s and k.
15
Let k(z) = -3*z**2 + 14*z - 2. Let y be k(2). Calculate the highest common divisor of 154 and y.
14
Let v = -30 + 51. Suppose v*u - 17*u - 260 = 0. Suppose 0 = 2*f - 51 - 1. Calculate the greatest common factor of f and u.
13
Suppose -476 + 1826 = 54*y. Calculate the greatest common factor of 35 and y.
5
Let n(o) = -225*o - 45. Let l be n(-2). Calculate the greatest common factor of l and 27.
27
Suppose 2 = -2*b + 6. Suppose 9*y - 4*y - 21 = -3*i, -y + 21 = b*i. What is the greatest common divisor of i and 3?
3
Let d be 6/5*20/6. Suppose 0 = 5*a + w - 20, -28 = -d*a - 4*w + 4. What is the highest common factor of 2 and a?
1
Suppose 0 = -34*x + 38*x - 272. What is the greatest common factor of 306 and x?
34
Let r be 8/(-20) - (-108)/20. Suppose -r*c = 462 + 78. Let y be -3*(2 - 1) - c. What is the highest common divisor of y and 21?
21
Let z(p) = 4*p**2 + 1 + 8*p**2 - 7 + p**3 - p**2. Let q be z(-11). Let r be (-1)/(-2) + (-159)/q. Calculate the greatest common factor of r and 3.
3
Let v = -9 - -27. What is the highest common factor of 558 and v?
18
Suppose -f = -5*f - 2*x + 1850, 2*f + 4*x = 916. What is the greatest common factor of 87 and f?
29
Let z(o) = 32*o - 100. Let j be z(5). Calculate the greatest commo